+ b. Is l a multiple of 18?
True
Let u = 101 - 65. Does 12 divide u?
True
Let o(t) = -3*t**2 - 8*t + 7. Let j(x) = x**2. Let n(s) = -4*j(s) - o(s). Let d(c) = -2*c - 2. Let h be d(-4). Does 5 divide n(h)?
True
Suppose 2*z + 4*a + 35 = z, 0 = 5*z + 3*a + 226. Let g = -9 - z. Is g a multiple of 19?
True
Let i(g) = -g**3 + 17*g**2 + g + 25. Is 42 a factor of i(17)?
True
Suppose 4*h - 22 = -6. Let a = h + 0. Suppose 43 = a*p - f, 2*f + 2 = p - 0. Is 6 a factor of p?
True
Suppose 10 = p - 1. Does 6 divide p?
False
Is 32 a factor of (-12)/(-18) - 188/(-6)?
True
Let i = 18 + -11. Does 13 divide (4 - i)/(3/(-28))?
False
Let d be 6/(-9)*-3 - 0. Suppose -5 = -s - d*q + 9, 81 = 5*s - q. Is 8 a factor of s?
True
Let u(o) = -6*o**3 + o**2. Is 26 a factor of u(-2)?
True
Suppose x = -0*l + 3*l + 68, -4*l - 84 = -3*x. Let d = 0 - l. Does 8 divide d?
True
Let y be (110/15)/(4/66). Suppose 31 - y = -3*j. Is 9 a factor of j?
False
Let c(u) = u + 21. Does 4 divide c(7)?
True
Let u(b) = -b**3 - 4*b**2 - 2*b - 6. Let v be u(-4). Let d = v + 0. Suppose 208 = 5*f - d*c, -5*f - 5*c = -142 - 38. Is 20 a factor of f?
True
Let q = 47 + -15. Does 22 divide q?
False
Let i(q) = -4*q**3 + q**2 - 2*q - 3. Does 21 divide i(-3)?
False
Let c(n) = 18*n + 2. Let i be c(8). Let x = i + -53. Suppose 2*f = 2*j + x - 15, -3*j = -12. Is f a multiple of 12?
False
Let l(m) = -m + m - 7*m - 2*m - 5. Is l(-5) a multiple of 10?
True
Suppose -o - 168 + 61 = -5*r, 0 = 2*o + 4. Suppose 5*g - r = -4*v + v, 15 = 5*g. Suppose -v*c + 0*j = j - 27, 5*c - j = 85. Does 8 divide c?
True
Suppose 0*u - 20 = -2*u. Let q = u + -2. Does 8 divide q?
True
Suppose y = -3*w + 23, 0 = w - 0*w - 2. Suppose -2*j - y = 2*j - 5*s, -2*s + 12 = j. Suppose -j*k = -4*b - 70, 4*k - 5*b - 160 = -8. Does 17 divide k?
False
Suppose 20 = 2*i + 8. Is 6 a factor of i?
True
Let y be -20 + (1 - (-9)/(-3)). Let h = y + 40. Is 9 a factor of h?
True
Suppose -c + 7*c - 582 = 0. Is c a multiple of 16?
False
Let n be ((-2)/3)/((-2)/24). Suppose -n = g + g. Is 7 a factor of (-90)/g*6/9?
False
Suppose -5*b + l - 5*l = -414, 5*l = 5. Suppose 3*y - b = -3*r + 17, -4*r + y + 147 = 0. Is r a multiple of 15?
False
Let o = -1 + 5. Suppose 76 = d + 2*k + 19, -o*d + 232 = 4*k. Is 21 a factor of d?
False
Let x(u) = -2*u**3 - 6*u - 5 + u**3 + 6*u**2 + 12. Let r be x(5). Is 6 a factor of -6 + 18 - -1*r?
False
Suppose 3*t = t. Does 17 divide 31 + -4 + (t - 2)?
False
Suppose -q + 2*q - 6 = 0. Is q/8 + (-555)/(-12) a multiple of 14?
False
Let c be (2 + -17)*(-1)/3. Let r be 1/(-1) - (-1 + 0). Let u = r + c. Is u a multiple of 5?
True
Let u = 567 - 351. Is u a multiple of 11?
False
Suppose -12*b = -13*b - 2. Let q(x) = 7*x**2 - x + 2. Is 16 a factor of q(b)?
True
Suppose -40 = -6*z + 14. Is z a multiple of 9?
True
Suppose 242 + 23 = 5*n. Let j = n - 29. Does 10 divide j?
False
Let i(v) = -5 + 17 - v - 7 + 17. Is 8 a factor of i(0)?
False
Let b be (2 - 1)*-3*-1. Suppose b*k = -5*m + 103, 3*m = -3*k + 4*m + 73. Is k a multiple of 13?
True
Suppose -4*f + 888 = 2*j, 2*j + 0 - 8 = 0. Is 11 a factor of f?
True
Is 13 a factor of 6/(-9) + (-166)/(-6)?
False
Let k = 17 + -3. Let m = 28 - k. Is 7 a factor of m?
True
Suppose 2*i + 0 = 4*u - 8, 2*u + 4 = 3*i. Does 4 divide i?
True
Suppose f - 2 = -0, -3*s + 2*f - 4 = 0. Suppose 4*o = s, -5*o + 5 - 77 = -4*t. Does 6 divide t?
True
Let q(r) = 47*r**2 + r. Is q(-1) a multiple of 23?
True
Suppose -53 = -3*m + m - 3*a, -4*m = -2*a - 114. Is m a multiple of 18?
False
Suppose 2*f = -1 - 13. Is 3 a factor of (-4)/(-6) + f/(-3)?
True
Let j(y) = y**2 + 6*y. Let f be j(-6). Suppose f*b - 40 = -5*b. Let m = 18 - b. Does 8 divide m?
False
Suppose -4*t + 0 = 32. Let o = t - -10. Suppose o*a = 4*a - 20. Is 5 a factor of a?
True
Suppose -23*l + 120 = -19*l. Is 7 a factor of l?
False
Let l(c) = c**3 + 3*c**2 - 5*c - 5. Let v be l(-6). Let y = v - -125. Is y a multiple of 14?
True
Suppose 3*q + 700 = 8*q. Suppose 5*f - q = -0*f. Is f a multiple of 14?
True
Suppose -3 = -5*n + 2, 0 = -2*p + 2*n + 116. Is p a multiple of 13?
False
Let g(k) = 2*k**2 + 6*k + 0*k**2 - k - 7. Does 14 divide g(-7)?
True
Let p(r) = r**3 - 7*r**2 + 6*r - 8. Let x be p(6). Let a = 7 - x. Is a a multiple of 5?
True
Suppose 0 = 4*s + s. Suppose s = -5*l + 73 + 102. Does 3 divide 1/(-2) + l/10?
True
Let b(q) = q**2 - 2*q + 1. Let o be b(3). Does 19 divide 2/o + 300/8?
True
Does 6 divide (-4)/(-10) + (-279)/(-15)?
False
Let r = 69 + -39. Suppose 168 = 3*w - r. Does 21 divide w?
False
Let v = 499 + -186. Does 57 divide v?
False
Suppose 0 = -3*s - 1 - 8. Let r = -5 - s. Is r/((-7)/((-945)/(-6))) a multiple of 15?
True
Let m = -50 - -35. Is 2 a factor of ((-70)/m)/((-2)/(-3))?
False
Let r be ((-1)/3)/(5/30). Let i = 1 - r. Suppose 44 = 3*x - 2*o, 22 = -4*x + i*o + 82. Is 6 a factor of x?
True
Is 2 a factor of (3/(-4))/(11/(-132))?
False
Suppose -5*i + 198 = 2*w - 4*w, 4*i - 158 = 2*w. Is 19 a factor of i/(28/6 + -4)?
False
Let l(s) = -2 + 33 + s + 4. Is 14 a factor of l(0)?
False
Suppose -10*x = -12*x + 300. Is 15 a factor of x?
True
Suppose -q + 2*q = 3. Let t(w) = q + 0*w + 6*w**2 - 4*w**3 - 5 + 3*w**3 + 2*w. Is 4 a factor of t(6)?
False
Let b be (-3)/(-1) - (-10 - 7). Let y = b - 14. Does 3 divide y?
True
Let g(n) = n**3 + 3*n**2 - 6*n + 3. Let p(v) = -1. Let j(d) = -g(d) + 3*p(d). Is j(-5) a multiple of 7?
True
Let k(o) = o + 6. Suppose 3*t + 22 = -j, -3*j = -3*t - 0*j - 18. Let w be k(t). Is 5 a factor of (-1)/(-2)*(w - -25)?
False
Let y(f) = -4*f + 4. Let b be y(-6). Let z = 56 - b. Is 23 a factor of z?
False
Let v = 3 + -3. Suppose v = x + 3*x - 12. Suppose -x*t - 21 + 76 = -5*n, 0 = -5*t + 2*n + 79. Is t a multiple of 8?
False
Suppose 4*y + 196 = 4*r + 816, 0 = -5*y - 2*r + 810. Suppose 0*t = -4*t + y. Is 25 a factor of t?
False
Suppose 4*j + 23 = 3*p, 26 = 4*p - j - 2*j. Suppose -171 = -p*g + 3*o, g + o - 25 = 14. Is g a multiple of 15?
False
Let c(p) = p**3 + 6*p**2 - 11*p - 10. Is 4 a factor of c(-7)?
False
Let l = 53 - 27. Let o = l + -3. Is o a multiple of 7?
False
Does 25 divide (-2)/4*((0 - 2) + -48)?
True
Let q = -67 + 127. Does 12 divide q?
True
Let q(z) = -z**3 + 2*z**2 + 2*z + 1. Let v be q(-1). Suppose -2*t + 5*t - 90 = 0. Does 18 divide ((-72)/t)/(v/(-30))?
True
Suppose 6*j + s + 66 = 3*j, 5*j + 4*s + 110 = 0. Let t be (134/4)/(2/4). Let n = j + t. Is 17 a factor of n?
False
Suppose 5*j - 2*t + 36 = -6*t, -j - 3 = 5*t. Let c = -7 + 20. Is 10 a factor of (j + 3 - -2) + c?
True
Suppose 4*k + 44 = 4*d, d - 13 = -0*k + 3*k. Is d a multiple of 9?
False
Let p be 4/12*3 + 99. Suppose -12*a = -7*a - p. Is 7 a factor of a?
False
Let c = 6 - 17. Let i be (9/3)/(-3)*c. Suppose -z + i = -0*z. Is z a multiple of 11?
True
Let n = 5 + 5. Is 5 a factor of n?
True
Suppose 0 = -3*m + 3*w + 20 + 7, -4*w - 20 = 0. Suppose -s + 56 = -x + 3*x, 4*x - 204 = -m*s. Is 23 a factor of s?
True
Let v(j) = j**3 - j**2 + 47. Does 9 divide v(0)?
False
Let w = 35 + -1. Let l = w - 4. Does 15 divide l?
True
Let q = -3 - -5. Suppose -2*u = -0*u - 5*x - 26, q*x - 28 = -4*u. Is 8 a factor of u?
True
Is 29 a factor of 8/36 - (-2728)/36?
False
Let v(u) = 3*u**2 - 1. Let k be v(1). Let a(y) = 4 + 3*y**k - 7*y**2 + 3*y**2 - 9*y. Is a(-7) a multiple of 7?
False
Let f(t) be the first derivative of t**4/4 - t**3 - 9*t**2/2 - 2*t + 1. Is f(5) a multiple of 2?
False
Let m(d) = -8*d**2 - 4*d - 5. Let j be m(4). Let p be j/4 + (-2)/(-8). Let a = -9 - p. Is a a multiple of 10?
False
Let k = 318 - 201. Suppose -l + 5*l - x = k, 0 = 4*l - 4*x - 132. Is l a multiple of 21?
False
Let z be (-15)/(-135) - (-2114)/9. Suppose -23*o = -18*o - z. Does 21 divide o?
False
Let i(o) = -3*o**3 - o**2 + 2*o - 1. Let h be i(-2). Suppose y = 4*y - h. Is 4 a factor of y?
False
Let z(j) = -2*j**3 - j**2 - 2*j. Let u be z(-2). Suppose -89 + u = -y. Suppose -3*m + 114 = -3*k, -k = 4*m - y - 59. Is m a multiple of 17?
True
Let b(q) = -9*q + 24 - 22 - 2*q. Is 10 a factor of b(-3)?
False
Let w(y) = y**3 - 2*y**2 - y - 2. Let d(c) = -c**3 - 3*c**2 + 4*c + 3. Let b be d(-4). Is 4 a factor of w(b)?
True
Let v = 36 - -16. Is 8 a factor of v?
False
Let u = 43 + -36. Does 2 divide u?
False
Suppose -4*g = -0*g - 140. Is g a multiple of 7?
True
Suppose 5*c - 94 = 3*c. Let m be (-220)/14 - (-6)/(-21). Let p = m + c. Is 